r = -25. Let d = -11 + l. Suppose -f = -33 + d. What is the units digit of f?
3
What is the tens digit of (-3886)/(-10) + 48/(-80)?
8
Let q = 621 - 294. Suppose -2*b - 4*d = -6*b + 328, -5*d - q = -4*b. What is the tens digit of b?
8
What is the tens digit of (-652147)/(-1930) - ((-9)/(-10) - 1)?
3
Let j(n) = n**3 + 6*n**2 + n + 10. Let r be j(-6). Let u be (1 + r)*(-8)/(-20). Suppose 4*y = u*y + 92. What is the units digit of y?
6
Let z(k) = 2*k**2 + 22*k + 37. Let y be z(-17). Let g = y + -65. What is the tens digit of g?
7
Suppose 8179 = 20*a - 1601. What is the units digit of a?
9
Let j(f) = 967*f - 116. What is the tens digit of j(2)?
1
Suppose -2*p - 2*p + 8 = 3*n, 0 = -p + 3*n + 17. Suppose -5*y - p = -4*f, -2*f - 20 = y + f. Let z = y - -16. What is the units digit of z?
1
Let a(r) = 59*r**2 + 105*r + 544. What is the hundreds digit of a(-5)?
4
Let m be (-1)/(10/6 - 2). Suppose -14 = -15*j + 8*j. Suppose -j*i - 12 = -m*i. What is the units digit of i?
2
Let v(p) = 120*p**2 + 12*p - 38. What is the tens digit of v(2)?
6
Let t be ((-225)/(-108) + (-2)/(-8))*42. Let n = t - -78. What is the units digit of n?
6
Let x(s) = -s + 3. Let p be x(-1). Let d = -2 - -4. Suppose -p*m + 204 = 2*t, m - d*t = t + 58. What is the units digit of m?
2
Let c = 1 - -6. Suppose -2*a - 3 = 4*d - c, -5*a + 22 = -2*d. Let l = d - -50. What is the units digit of l?
9
What is the hundreds digit of ((-2)/(-4) - (-11)/22)*1367?
3
What is the units digit of (-14)/6 + 2 - (-46)/3?
5
Suppose -5345 = -5*x + 3*k, 2*x + 3*k = -0*x + 2117. What is the thousands digit of x?
1
Let q = 4 + -3. What is the tens digit of (15/25)/q*20?
1
Let w(p) = 12*p + 11 + 1 - 5. What is the units digit of w(5)?
7
Let r be (-80)/30*45/(-2) - 0. What is the tens digit of r/20*(73 - -1)?
2
Suppose 7 = 3*i + 3*c + 43, i = -3*c - 12. Let f = 12 + i. Let w(j) = -j + 36. What is the units digit of w(f)?
6
Let l = 84 + -86. What is the tens digit of ((-4)/(-12))/(l/(-474))?
7
Let t(r) = r**3 + r**2 - 3*r - 5. Let u be t(-4). Let m = -18 - u. What is the units digit of m?
3
Let c(h) = h**3 + 7*h**2 - 9*h + 9. Let r be c(-8). Let n(u) = -3 - u**3 + u + r*u**3 + 0*u - u**2 + 2. What is the units digit of n(1)?
5
Suppose 2 = 18*n - 20*n, t - 4*n = 1275. What is the hundreds digit of t?
2
Let c = 37 + -92. Let n = 92 + c. Let p = n - 16. What is the units digit of p?
1
Suppose 0 = -m + 3*k - 9, -32 = -m - 3*m - 5*k. What is the units digit of (((-32)/m)/4)/((-7)/126)?
8
Suppose -188*d + 180*d = -16624. What is the hundreds digit of d?
0
Let i = -1011 - -2255. What is the thousands digit of i?
1
Suppose r = -3*z + z + 1022, 2040 = 4*z + 4*r. Suppose 2*i + z = 2*b + 2*b, -3*i - 118 = -b. What is the tens digit of b?
3
Suppose -33*r = -h - 35*r + 26, -3*h + r = -43. What is the units digit of h?
6
Let n(u) = -u**3 - 4*u**2 + 4*u + 4. Suppose i - 2*k = -0*i - 9, -i + 1 = 3*k. Let l be n(i). Suppose -3*g + 2*g + l = 0. What is the units digit of g?
9
What is the tens digit of 1*-1 + 5229 + 14 + 21?
6
Suppose 2*n - 5*r + 55 = -3*n, -3*r = -4*n - 39. What is the tens digit of ((-6)/n)/(0 + 1/25)?
2
Let u(r) = 11 + 8*r - r - 9*r. Let n be u(6). Let z = n - -11. What is the units digit of z?
0
Let s(v) = 8*v**3 - 12*v**2 + 13*v - 19. What is the units digit of s(4)?
3
Suppose 0 = -z + 12*z - 44. Suppose z*a + 596 = 8*a. What is the tens digit of a?
4
Let j(z) = -z**3 - 7*z**2 - z - 4. Suppose 0 = d - 5*d - 28. Let w be j(d). Suppose 3*u + 97 = w*f + 2*u, 0 = f + u - 39. What is the tens digit of f?
3
Let o = 107 - 111. What is the tens digit of o + (1 - 3 - (-968)/8)?
1
Let f(q) = 108*q**2 + q + 1. Let k be f(-1). What is the tens digit of k/21*(-28)/(-6)?
2
Suppose -4*z = -4*x + 4, -z - 21 = 2*x + x. Let j = -229 + 227. What is the units digit of -10*(j - z/4)?
5
Let v(m) = 10*m**2 + 1. Let h be v(3). Suppose -5*y - 4*u = h, y - 5*u = 3 + 2. What is the units digit of (-70)/y*30/4?
5
What is the units digit of (-6)/36 + (-697)/(-6)?
6
Suppose 2*p - 5*g - 22 = 0, -p + 4*g + 1 = -7. What is the tens digit of p?
1
Suppose -5*g + 6 = 3*h + 25, 4*h + 2*g + 2 = 0. Suppose -327 + 941 = h*n. What is the tens digit of n?
0
Let p = -1335 + 2201. What is the tens digit of p?
6
Let m(g) = -4*g + 12. Let d be m(7). Let i = d + 33. What is the tens digit of i?
1
Let p = 1556 + 426. What is the hundreds digit of p?
9
Suppose 0 = 3*d + 10*d + 5343. Let n = -152 - d. What is the hundreds digit of n?
2
Let p(k) = -749*k + 498. What is the units digit of p(-4)?
4
Let p be 2/(-4)*0/4. Suppose -4*y + 287 + 1 = p. What is the tens digit of y?
7
Let z(p) = p**3 + 9*p**2 + 8*p + 6. Let t be (-4)/(-5)*60/(-6). Let o be z(t). Let h(d) = -d**3 + 8*d**2 - 9*d + 3. What is the tens digit of h(o)?
2
Let a be (2 - 5 - (2 + -3)) + 9. Let y(f) = f**3 - 5*f**2 + 6*f - 6. What is the hundreds digit of y(a)?
1
Let y be (-8)/(-2)*(-2 + 4). Suppose -x - 700 = -y*x. What is the tens digit of x?
0
Let s be 3*(-2)/(-33) + 18/(-99). Let b(q) = q**2 + 2. What is the units digit of b(s)?
2
Let x = -12 + 15. Suppose -x*r + 0*r + 111 = 0. What is the units digit of r?
7
Suppose -v + 2*v = 3*x - 3063, 3*x + 4*v = 3048. What is the units digit of x?
0
Suppose 0*r + 2*r + 4 = 0, 2*r + 28 = -4*n. What is the hundreds digit of (n/(-9))/(10/1605)?
1
Suppose -6*a = -2*a - 20, -2*n - 4*a = -20. Suppose -w - 60 + 9 = n. What is the tens digit of (-1728)/w - (-6)/51?
3
Let d = 86 + -83. Let a = -90 - -194. Suppose -7*v = -d*v - a. What is the tens digit of v?
2
Suppose 2*l + 4*w + 12 = 0, 5*l + 4*w - 6*w = -66. Let f = 135 + l. What is the units digit of f?
3
Suppose 5*i - 3*m = -7*m + 26, -3*m = 5*i - 22. Let h(w) = 3*w**2 + 0 - 2 + 3*w**2 - w. What is the units digit of h(i)?
0
Suppose 49*p - 813 = 46*p. What is the units digit of p?
1
Suppose u - 5 = 2*u. Let l = -1 - u. What is the tens digit of (74/l)/((-2)/(-4))?
3
Let y be (-1356)/(-9) + (-1)/(-3). Let v = y + -53. Suppose 32 = -2*g + v. What is the tens digit of g?
3
Let m be -5 + -6*8/(-12). What is the tens digit of -1*m*(-1 - -18)?
1
Suppose -5*v + 19 = -1. Suppose y = -v*f + 5*f + 86, -3*f = 9. What is the tens digit of y?
8
Suppose 0 = 8*h - 12*h + 20. Suppose 2*d - 186 = -3*l, d = -h*l + 152 + 165. Suppose -5*v + 171 = -l. What is the units digit of v?
7
Let o(n) = -n**3 + 16*n**2 + 13*n - 6. What is the hundreds digit of o(15)?
4
Let q(d) = d**2 - d - 1. Let g be q(-1). Suppose -5*x - g = 3*p, x = 3*x - 4*p + 16. What is the units digit of (-2 - -1)/(x/30)?
5
Let b(t) = 2*t**2 + 2*t - 205. Let d be b(0). Let x = d - -379. What is the tens digit of x?
7
Let l = 72 - 32. Suppose 3*j - 3 = 5*q - l, -2*j + 17 = 5*q. What is the units digit of (-1)/j + 1085/28?
9
Suppose -4*s = 5*k - 2546, 5*s = -6*k + 3*k + 3189. What is the hundreds digit of s?
6
Suppose -9*m = -13*m + 8. What is the units digit of 84/15*5/m?
4
Let y = 343 + 132. What is the tens digit of y?
7
Suppose 83 = 4*p - 3*n, n + 145 = 5*p + 33. Suppose 2*x - 5*w = 23, -5*x - 3*w + 4*w = -p. What is the units digit of x?
4
Let n(x) = -x**3 + 14*x**2 - 24*x + 2. Let r be n(11). Let k = -41 + r. What is the tens digit of k?
6
Suppose -2*z - a = -6*a + 25, 5*a = 25. Let u = z + 37. What is the units digit of u?
7
Suppose -12*z = 4*f - 17*z - 6630, -2*z + 1651 = f. What is the thousands digit of f?
1
Let u = 71 - -1628. What is the hundreds digit of u?
6
Let r be -1*5/((-10)/6). Suppose 0 = -3*q + r*i, 0*i = 4*i + 8. What is the tens digit of ((-14)/2)/(q/6)?
2
Let w be (1 - 0)/(2/(-38)). Let b(t) = 2*t**3 + 40*t**2 - 4*t - 17. Let g be b(-20). Let i = g + w. What is the units digit of i?
4
Let o(g) = -g**3 + 8*g**2 + 8*g - 5. Let l = 5 + 0. Let p be o(l). Suppose 5*x - p = -2*v, 20 = 4*v - 0*v. What is the units digit of x?
0
Let d(x) = x**2 - 7*x + 2. Let j be d(7). Suppose -j*k + 25 = 3*k + 5*h, 4 = k + 2*h. What is the units digit of (2/k)/(2/84)?
4
What is the hundreds digit of (2/(-1))/(-21 + (-416200)/(-19820))?
9
Suppose 8*v - 2122 = 1110. What is the units digit of v?
4
Let b = -1065 - -1472. What is the hundreds digit of b?
4
Suppose -16 = m - 5*m. Let f be 27/(m + 10/(-2)). Let g = -10 - f. What is the units digit of g?
7
Suppose -16434 = 7*o - 29*o. What is the tens digit of o?
4
Let f = -780 + 1300. What is the hundreds digit of f